s 5 - -88990b?
889913
In base 15, what is 54 - -125ab?
12610
In base 8, what is -1006 - 101542?
-102550
In base 15, what is -8e + -764c3b?
-764cca
In base 10, what is -995 + 21845?
20850
In base 8, what is -3 - -11362302?
11362277
In base 16, what is -438 + 465a?
4222
In base 8, what is -10262 - 103230?
-113512
In base 3, what is 0 - -200021121111110001?
200021121111110001
In base 4, what is 32003323102130 - -11?
32003323102201
In base 14, what is -a7da760 - -8?
-a7da756
In base 11, what is -18 - 85a63?
-85a80
In base 12, what is -1145 + 4867?
3722
In base 4, what is -133 + -200301212?
-200302011
In base 8, what is 31453063 - -1?
31453064
In base 16, what is 3 - 6032919?
-6032916
In base 15, what is 1578aa0 + -3?
1578a9c
In base 5, what is 10 - 313343224?
-313343214
In base 8, what is 4037 - 5035?
-776
In base 12, what is -96a7b0 - 89?
-96a879
In base 6, what is -201102 - -215012?
13510
In base 13, what is 2 - -4431734?
4431736
In base 13, what is 1a16 + 5564?
727a
In base 4, what is 12110 - 1103211100?
-1103132330
In base 3, what is -21 + -222021112200?
-222021112221
In base 2, what is -1011111000110110010 + 10000111110?
-1011110110101110100
In base 12, what is -3b1 - -6a85?
6694
In base 15, what is 58 + -774?
-71b
In base 14, what is -3 + -7b4d0d6?
-7b4d0d9
In base 5, what is 30100144 + 232?
30100431
In base 9, what is -22 - 1016727?
-1016750
In base 9, what is 2452504 + 314?
2452818
In base 16, what is 518 + 1639?
1b51
In base 8, what is 1 + -1140166751?
-1140166750
In base 16, what is -a46f7 - -23?
-a46d4
In base 12, what is -44 + -1a53b?
-1a583
In base 3, what is 120020 + -10000202022?
-10000012002
In base 5, what is -1414422110 + -2?
-1414422112
In base 15, what is -847 - -1d75?
152d
In base 16, what is -14106f + -a?
-141079
In base 3, what is 120 + 1022201000102?
1022201000222
In base 8, what is 24415361 - -4?
24415365
In base 8, what is 24411 - 5524?
16665
In base 6, what is 50012 + 35?
50051
In base 6, what is -103333350 + -34?
-103333424
In base 16, what is -48e484 - 32?
-48e4b6
In base 5, what is 12 + -104433042?
-104433030
In base 13, what is c36 - -b1281?
b21b7
In base 4, what is 2 + 31032021223?
31032021231
In base 6, what is 5351514 - -102?
5352020
In base 16, what is 19 - a37e?
-a365
In base 14, what is a13a2bc - -4?
a13a2c2
In base 7, what is -124 + 5424154?
5424030
In base 6, what is -121543 + -441102?
-1003045
In base 3, what is 12 - 1012102112002121?
-1012102112002102
In base 9, what is 7 + -137282?
-137274
In base 2, what is 10101111110110 - 11010010?
10101100100100
In base 12, what is -7446 + -2081?
-9507
In base 7, what is 115601523 - -3?
115601526
In base 13, what is 5 - -a9a324?
a9a329
In base 14, what is 5 + -129c7d8?
-129c7d3
In base 13, what is -22 - 2a382c?
-2a3851
In base 14, what is 114dd1 - 4d?
114d82
In base 11, what is -10 + -600245a?
-600246a
In base 3, what is -20 + -20002110101221222?
-20002110101222012
In base 6, what is 2321333 - 313?
2321020
In base 16, what is 17c6 - -dd?
18a3
In base 3, what is -12000010200110201 - -11?
-12000010200110120
In base 8, what is 5 + -150326256?
-150326251
In base 9, what is 50 + 1137278?
1137338
In base 4, what is -12011001 + -201030?
-12212031
In base 11, what is 844 - 14798?
-13a54
In base 12, what is 94518 - -79?
94595
In base 11, what is 567 - -42698?
43154
In base 5, what is 1202442 - -312?
1203304
In base 12, what is -175977 + 166?
-175811
In base 6, what is -4 - -1014444154?
1014444150
In base 14, what is 1 - -4acb22?
4acb23
In base 12, what is 96 + -1636537?
-1636461
In base 6, what is -540312 + 20023?
-520245
In base 4, what is 10210 - 1013333221?
-1013323011
In base 13, what is -157125853 - 4?
-157125857
In base 3, what is -20021122 - -202122022?
112100200
In base 9, what is 2801083562 - 0?
2801083562
In base 8, what is 252120 + 312?
252432
In base 11, what is 20 - -18518?
18538
In base 6, what is 10 + 2142530325?
2142530335
In base 4, what is -100210 + -31202?
-132012
In base 14, what is -3 - -2a8a72?
2a8a6d
In base 12, what is -aa3244 - 21?
-aa3265
In base 5, what is -2 - -42440011104?
42440011102
In base 2, what is 10000 - -10101010011000111?
10101010011010111
In base 9, what is -154718 - 57?
-154776
In base 10, what is 158957 - -4210?
163167
In base 10, what is -2055 + -1956?
-4011
In base 9, what is 110 + -2266183?
-2266073
In base 13, what is ac226 - 150b?
aaa18
In base 16, what is de51 + 7e0?
e631
In base 12, what is 1 - -135b282?
135b283
In base 14, what is -2 + -56dc91?
-56dc93
In base 14, what is -1580c3 + 8?
-1580b9
In base 2, what is -100000001010 + 10011000111011?
1111000110001
In base 12, what is 660038 + -1?
660037
In base 15, what is -3 - -2b867c?
2b8679
In base 6, what is -245242 - 52404?
-342050
In base 10, what is 2192 + 1970?
4162
In base 8, what is 44 + 60007?
60053
In base 12, what is 99017a6 + -10?
9901796
In base 5, what is 3114401303 + 0?
3114401303
In base 8, what is -2 - -3347076743?
3347076741
In base 6, what is -1231 + -5401125?
-5402400
In base 5, what is -1 + 142221023222?
142221023221
In base 14, what is -5 - -24b6b43?
24b6b3c
In base 14, what is -32c017 - 71?
-32c088
In base 7, what is 521113 - 115?
520665
In base 4, what is -203 + -322130231111?
-322130231320
In base 9, what is -17 - -2075324?
2075306
In base 3, what is -210201121 + -10110101122?
-11021010020
In base 5, what is -1324432301 - -2?
-1324432244
In base 5, what is -13 - 1310444140?
-1310444203
In base 2, what is -100001000 - -11000010011111101?
11000001111110101
In base 3, what is 201122010 - 102010112?
22111121
In base 13, what is 2076 - 23a4?
-32b
In base 10, what is 35 - 102925?
-102890
In base 4, what is 122 + -1212332111?
-1212331323
In base 13, what is 3 + 2aba2bb?
2aba2c1
In base 14, what is 125a8 + -144?
12464
In base 6, what is 3015540 + -2?
3015534
In base 9, what is 5 - -7555753?
7555758
In base 10, what is 1609 - -1282?
2891
In base 16, what is -440f - -59b?
-3e74
In base 9, what is -6 + 17211273?
17211266
In base 8, what is 123 + 63205715?
63206040
In base 8, what is 13010705 + -266?
13010417
In base 12, what is 2 + 5ab4110?
5ab4112
In base 10, what is 5 + -188061136?
-188061131
In base 9, what is 1 - 7838445?
-7838444
In base 14, what is 81cd24 - a?
81cd18
In base 9, what is -15200386 - -5?
-15200381
In base 11, what is -716a + -311a?
-a289
In base 10, what is -8419044 + -1?
-8419045
In base 11, what is -9905923 + 2?
-9905921
In base 10, what is 725642 + 22?
725664
In base 10, what is 258 + 36088?
36346
In base 16, what is -f7 - 56d?
-664
In base 15, what is 1d0ac84 + 1?
1d0ac85
In base 5, what is 1100040 - -424?
1101014
In base 12, what is 64655 + 34?
64689
In base 14, what is -577444 + 2b?
-577417
In base 4, what is 223002133 + -33330?
222302203
In base 9, what is 215618666 + 3?
215618670
In base 7, what is 1650221562 - 2?
1650221560
In base 5, what is -2 - 1121114441?
-1121114443
In base 5, what is 14 + 12121133312?
12121133331
In base 12, what is 13ba557 + 20?
13ba577
In base 7, what is 11042422 - 1330?
11041062
In base 8, what is -37064361 + 2?
-37064357
In base 13, what is -1c1ab - -62?
-1c149
In base 7, what is 54 + -6011263?
-6011206
In base 5, what is 3 - -3031320012?
3031320020
In base 15, what is 3 + -68327?
-68324
In base 5, what is 423300310 - -10?
423300320
In base 7, what is -1 + 40444330?
40444326
In base 16, what is -3 + 47131?
4712e
In base 11, what is 443 + 51280?
51713
In base 15, what is 2ae + -1ec9?
-1c1a
In base 7, what is -461314 + -3?
-461320
In base 7, what is -2441651 - -144?
-2441504
In base 5, what is -1321231232 + 10?
-1321231222
In base 9, what is 8 + 1245226?
1245235
In base 2, what is 1001100000101110010101001 + 10010?
1001100000101110010111011
In base 4, what is 121 + -20133221320?
-20133221133
In base 13, what is -84044 - c6?
-8413a
In base 15, what is c - 71cc8?
-71cbb
In base 10, what is 788232 + 43?
788275
In base 2, what is -1 + -111111011100000001111?
-111111011100000010000
In base 3, what is -1 - -21221221121101?
21221221121100
In base 14, what is -119 + -2bb0?
-2cc9
In base 9, what is -166823 - -561?
-166252
In base 4, what is 1032310132133 - -3?
1032310132202
In base 7, what is 31524 - -23500?
55324
In base 9, what is -213 - -206018?
205705
In base 8, what is 1175205 - 5?
1175200
In base 14, what is -5 - -2c